 = -10*z**3 + z**2 - z + 1. Let y be j(1). Let n = y - -16. What is the units digit of n?
7
Let w = -170 - -303. What is the units digit of w?
3
Let y(j) = -j**3 - 6*j**2 + 9*j - 9. What is the units digit of y(-8)?
7
What is the units digit of -5 - (-337 - 4) - -4?
0
Let v(r) = -3*r**3 + 0*r**3 + 2*r - 19 + 2*r**3 + 13*r**2 + 0*r**3. What is the units digit of v(13)?
7
Let g(y) = y**3 + 25*y**2 - 54*y + 6. What is the units digit of g(-27)?
6
Suppose 2*r - 10 = 5*q + r, 4*q = -2*r + 6. Let j = q + -2. Let l = 9 - j. What is the units digit of l?
2
Let k be 6/27 - 16/(-9). Suppose 0 = -0*f - f - k. Let p = 8 + f. What is the units digit of p?
6
Let o(c) = c**3 + 4*c**2 - 2*c - 6. Let w be o(-4). Suppose -4*q + 75 = -3*l, 4*q - 2*l - w*l = 80. What is the tens digit of q?
1
Let f(u) = u**3 + 11*u**2 + 10*u. Let j be f(-10). Suppose j*a - 3*a = 0. Suppose 9 = 3*x - a. What is the units digit of x?
3
Suppose -4*w + 35 + 17 = 2*c, w + 122 = 4*c. What is the units digit of c?
0
Suppose -3*z + 52 = -4*k, 2*k = 3*k + 3*z + 13. What is the tens digit of (k/(-2))/(1/4)?
2
What is the units digit of (196/(-1))/((-2)/1)?
8
Let r(q) = -q + 1. Let p be r(-1). Suppose 39 = 2*w - 3*y, p*w + 0*w - 14 = -2*y. What is the units digit of w?
2
Suppose 0 = -5*c + c + 188. What is the units digit of c?
7
Suppose -2 = x - 5. Let i = -73 - -105. Suppose 0 = -5*j - x*m + i, 0 = 4*j - 0*m + 5*m - 36. What is the units digit of j?
4
Suppose -a + 4*b = -2*a - 33, 165 = -5*a + 4*b. Let w = a + 61. What is the units digit of w?
8
Suppose 4*r - 22 = -2*q, -5*q + 37 = -3*r + 7*r. Suppose r*o + 2*j = -6, o = j + 3*j + 12. Suppose i - 3 - 2 = o. What is the units digit of i?
5
Suppose -7*s - 8 = -3*s. Let a(x) = 4*x**2 - 2. What is the tens digit of a(s)?
1
Let c = 25 + 10. What is the tens digit of c?
3
Let y = -6 - -83. What is the units digit of y?
7
Suppose 2*l - 11 = 9. What is the units digit of l/40 + 75/4?
9
What is the units digit of 4/6*(-3 + 9) + -3?
1
Let f(j) = j**2 - 3*j - 2. Let v be f(5). What is the units digit of (-129)/(-8) - 1/v?
6
Suppose 2 = -2*n + 2*a, -5*n - 2 = -2*a - 0. Let p = n + 3. Suppose -p*d = x - 5*d - 13, 2*d - 22 = -4*x. What is the units digit of x?
7
Suppose 3*k - 66 = 4*i - i, i = -1. What is the tens digit of k?
2
Let l(n) = -n**2 - 1. Let v(f) = -8*f**2 - 4*f - 7. Let o(j) = 3*l(j) - v(j). What is the tens digit of o(-3)?
3
Let s(r) = r - 7. Let b be s(9). Suppose -3*w - w = -4*g + 12, -5*g - b*w + 8 = 0. What is the units digit of g?
2
Suppose -1 = 4*j + 63. Let v be (j/(-10))/((-4)/(-10)). Let r = v + 2. What is the units digit of r?
6
Let q(o) = 3*o**2 + 13*o - 22. What is the tens digit of q(-8)?
6
What is the units digit of (1/2)/(1/72)?
6
Let p(o) = o**2 + 9*o + 5. Suppose 0 = -3*z - 25 - 2. Let h be p(z). What is the units digit of ((-8)/(-20))/(2/h)?
1
Suppose -a + 27 = 9. What is the tens digit of a?
1
What is the tens digit of (-1 - -4 - 0) + -10 + 58?
5
Suppose -35 = 2*f - 5*r + 4, -f - 4*r = 26. What is the units digit of (-6)/(-12) + f/(-4)?
6
Suppose -p = -0*p - 5. Suppose h = 5*k + 8 + 5, 3*h + 6 = 0. What is the units digit of k*(-6)/9 + p?
7
What is the units digit of (2/(-3 - -5))/((-2)/(-384))?
2
Suppose 8*p - 1314 = -p. What is the tens digit of p?
4
Let k = -75 + 113. Suppose 2*b - 2*s = -0*b + k, 4*b - 86 = 2*s. What is the tens digit of b?
2
Let l(a) = 2*a + 85. What is the units digit of l(12)?
9
Let q be 6/(-15)*(6 + -1). Let d(j) = j**3 - 2*j**2 + 2*j - 4. Let k be d(3). Let p = k - q. What is the units digit of p?
3
Suppose 4*a - 20 = -3*g, 3*a = -2*g + 4*a - 5. Let i(y) = y**2 + y + 4. Let t be i(-5). Suppose g = 2*r + 2*r - t. What is the units digit of r?
6
Let q(c) = -4 + 3*c + 1 - 5*c + c**2. Suppose 7*j = 2*j + 20. What is the units digit of q(j)?
5
Suppose -28 = -3*y + 41. What is the tens digit of y?
2
Suppose 2*w - 4*s - 50 = 0, 3*s = 3*w - s - 65. Let h = 22 - w. What is the units digit of h?
7
Suppose 16 + 268 = 4*v. What is the units digit of v?
1
Let m(r) = 2*r - 7. Let c be m(7). Suppose 0 = y - 2 - c. What is the units digit of y?
9
Suppose 0 = 7*x - 0*x - 595. What is the tens digit of x?
8
Let a = -27 - -32. What is the units digit of a?
5
What is the units digit of ((-220)/(-30))/((-4)/(-6))?
1
Let l be (2/2)/(1/(-11)). Let j(a) = -3 - 3*a**3 - 12*a + 1 + 10*a**2 + 4*a**3. What is the units digit of j(l)?
9
Suppose -3*c + 8*c - 25 = 0. Suppose -c*f = -f - 4. Let j = 1 + f. What is the units digit of j?
2
What is the units digit of 10*(-3)/(6/(-53))?
5
Suppose -3*y = -7*y + 1124. What is the tens digit of y?
8
Let l = -65 + 125. What is the units digit of l?
0
Suppose -3*y + 3 = 33. Let u be y*-7*3/6. Suppose -4*v + u = v. What is the units digit of v?
7
Let v = 16 + -10. What is the units digit of ((-5)/(-3))/(1/v)?
0
Suppose -3*k + 4*k = 116. What is the tens digit of k?
1
Suppose v + 6 = 3*z - 1, v = -4*z + 7. Suppose -3*p + 53 = -z*q, 1 + 2 = -3*q. What is the tens digit of p?
1
Suppose 5*f = 4*h + 45, -5*h + 10 = -4*f + 55. What is the tens digit of (11 - f)/(3/20)?
4
Let b be -1 + (4 - 0) + 3. Let d be 2/b + (-12)/(-18). What is the units digit of (0 + d)*(6 + -4)?
2
Let w(h) = 77*h + 7. What is the hundreds digit of w(4)?
3
Let s = 10 - -5. Suppose -2*t + 31 = 5*z, 5*z = 5*t - 5 + s. What is the units digit of z?
5
Suppose -2 = 2*t - 3*r - 5, 2*t - 1 = 5*r. Suppose 9*v - 4*v - 18 = -t*c, -5*c - v + 8 = 0. What is the units digit of c?
1
Suppose -3*x = -2*x - 6. Let s = 9 - x. Let j = s + 12. What is the units digit of j?
5
Let r(g) be the first derivative of -g**3/3 + 3*g**2 - 4*g - 1. Let f be r(5). Suppose -v = -c + 2, -5*v - f - 1 = -3*c. What is the units digit of v?
2
Let s(g) = -g**2 + 2*g - 1. Let b be s(2). Let m = 1 - b. What is the units digit of (-5)/10 + 11/m?
5
What is the units digit of -3 - (-5)/(20/128)?
9
Let b = -18 - -18. Let h(j) = -j**3 - 3*j**2 - j - 1. Let r be h(-3). Suppose a - 15 = -2*a, b = -r*y - a + 9. What is the units digit of y?
2
What is the units digit of ((-5 - -54) + 5)*(-4)/(-3)?
2
Suppose 0 = 4*v + 2*q - 40, -5*q = -5*v - 0*q + 50. Let k = v - 9. What is the units digit of k?
1
Let l = -63 - -90. What is the tens digit of l?
2
Let p = -41 + 54. What is the tens digit of p?
1
Let g(y) = 2*y**3 + y**2 - 1. Suppose 0*v - 25 = -5*v. Suppose -5*k = 2*b - 13, v*b = 2*k + 7 + 11. What is the units digit of g(k)?
2
Suppose 4*q + q = 350. Let r = -49 + q. What is the tens digit of r?
2
Suppose -4*u + 11 = -5. Suppose -5*b = -u*b - 27. What is the units digit of b?
7
Let q = -9 + 15. Let k = q + 2. What is the units digit of k?
8
Let s be (-4)/(-10) - (-33)/5. Let c = -12 + s. Let v = 13 + c. What is the units digit of v?
8
Suppose 0 = -2*t + 22. What is the units digit of t?
1
Suppose 0 = -5*h + 5*w + 10, -5*h + 0 + 10 = -w. What is the tens digit of -21*h/(-3)*1?
1
Let o = 2 - -1. Suppose 0 = 2*u - 5*u + o. What is the units digit of -5*(-2 - (u + 0))?
5
Let y(u) = 129*u - 1. Let m be y(-1). What is the units digit of (1/1)/((-10)/m)?
3
What is the units digit of -11*(8 - -2)/(-2)?
5
Let w = -65 + 116. Suppose 7*r - 4*r = w. What is the tens digit of r?
1
Let s = -15 - -22. Let v = s + 7. What is the tens digit of v?
1
Let k(w) = -w**2 + 7*w + 1. Let d = 11 - 4. Let t be k(d). What is the units digit of (t/3)/(2/12)?
2
Let f = -30 + 58. What is the tens digit of f?
2
Let x be ((-2)/(-4))/(1/6). Let a = 8 - x. Suppose -24 - 56 = -a*q - 4*v, 2*v = 4*q - 64. What is the units digit of q?
6
Let x be -2*-9*1 - -1. Let p = x + -7. What is the units digit of p?
2
What is the units digit of 4/(-14) - 592/(-14)?
2
Suppose -q - 20 = 30. Let m = -15 - q. Suppose 4*i - m = j, 3*i - 30 = -j - 2*j. What is the units digit of i?
9
Let r(j) = j**3 - 2*j**2 - 10*j + 2. What is the units digit of r(6)?
6
Let l = 0 - -8. Let k = 14 - l. What is the units digit of k?
6
Let t be 0 + -2 + 3 + -1. Suppose -1 = -5*a - 5*p + 4, t = -p - 2. Suppose 3*s + a*v = 6, -4*s + v = -2*v - 29. What is the units digit of s?
5
Suppose 3*x = -4*u + 219 + 152, 5*u = -3*x + 460. What is the units digit of u?
9
Suppose 0*v + 5*v = 0. Let u = -25 + 27. Suppose -d + v*a = u*a - 17, 4*a + 4 = 0. What is the units digit of d?
9
Let b be 2/(-7) - (-594)/21. Suppose 12 = -7*z + 4*z, 4*z = 4*x + b. L